{"id":478,"date":"2025-09-24T12:17:11","date_gmt":"2025-09-24T10:17:11","guid":{"rendered":"https:\/\/www.ismreves.be\/primaire\/?page_id=478"},"modified":"2025-09-24T12:17:12","modified_gmt":"2025-09-24T10:17:12","slug":"reglement-dordre-interieur-de-lecole","status":"publish","type":"page","link":"https:\/\/www.ismreves.be\/primaire\/?page_id=478","title":{"rendered":"R\u00e8glement d&rsquo;ordre int\u00e9rieur de l&rsquo;\u00e9cole"},"content":{"rendered":"\n<div data-wp-interactive=\"core\/file\" class=\"wp-block-file\"><object data-wp-bind--hidden=\"!state.hasPdfPreview\" hidden class=\"wp-block-file__embed\" data=\"https:\/\/www.ismreves.be\/primaire\/wp-content\/uploads\/2025\/09\/ROI-2025-1.pdf\" type=\"application\/pdf\" style=\"width:100%;height:600px\" aria-label=\"Contenu embarqu\u00e9 ROI 2025.\"><\/object><a id=\"wp-block-file--media-e261bd59-764f-45ff-a2a4-3e2be1015ec9\" href=\"https:\/\/www.ismreves.be\/primaire\/wp-content\/uploads\/2025\/09\/ROI-2025-1.pdf\">ROI 2025<\/a><a href=\"https:\/\/www.ismreves.be\/primaire\/wp-content\/uploads\/2025\/09\/ROI-2025-1.pdf\" class=\"wp-block-file__button wp-element-button\" download aria-describedby=\"wp-block-file--media-e261bd59-764f-45ff-a2a4-3e2be1015ec9\">T\u00e9l\u00e9charger<\/a><\/div>\n","protected":false},"excerpt":{"rendered":"","protected":false},"author":1,"featured_media":0,"parent":0,"menu_order":0,"comment_status":"closed","ping_status":"closed","template":"","meta":{"footnotes":""},"class_list":["post-478","page","type-page","status-publish","hentry"],"yoast_head":"<!-- This site is optimized with the Yoast SEO plugin v26.5 - https:\/\/yoast.com\/wordpress\/plugins\/seo\/ -->\n<title>R\u00e8glement d&#039;ordre int\u00e9rieur de l&#039;\u00e9cole - ISM Reves Primaire<\/title>\n<meta name=\"robots\" content=\"index, follow, max-snippet:-1, max-image-preview:large, max-video-preview:-1\" \/>\n<link rel=\"canonical\" href=\"https:\/\/www.ismreves.be\/primaire\/?page_id=478\" \/>\n<meta property=\"og:locale\" content=\"fr_FR\" \/>\n<meta property=\"og:type\" content=\"article\" \/>\n<meta property=\"og:title\" content=\"R\u00e8glement d&#039;ordre int\u00e9rieur de l&#039;\u00e9cole - ISM Reves Primaire\" \/>\n<meta property=\"og:url\" content=\"https:\/\/www.ismreves.be\/primaire\/?page_id=478\" \/>\n<meta property=\"og:site_name\" content=\"ISM Reves Primaire\" \/>\n<meta property=\"article:modified_time\" content=\"2025-09-24T10:17:12+00:00\" \/>\n<meta name=\"twitter:card\" content=\"summary_large_image\" \/>\n<script type=\"application\/ld+json\" class=\"yoast-schema-graph\">{\"@context\":\"https:\/\/schema.org\",\"@graph\":[{\"@type\":\"WebPage\",\"@id\":\"https:\/\/www.ismreves.be\/primaire\/?page_id=478\",\"url\":\"https:\/\/www.ismreves.be\/primaire\/?page_id=478\",\"name\":\"R\u00e8glement d'ordre int\u00e9rieur de l'\u00e9cole - ISM Reves Primaire\",\"isPartOf\":{\"@id\":\"https:\/\/www.ismreves.be\/primaire\/#website\"},\"datePublished\":\"2025-09-24T10:17:11+00:00\",\"dateModified\":\"2025-09-24T10:17:12+00:00\",\"breadcrumb\":{\"@id\":\"https:\/\/www.ismreves.be\/primaire\/?page_id=478#breadcrumb\"},\"inLanguage\":\"fr-BE\",\"potentialAction\":[{\"@type\":\"ReadAction\",\"target\":[\"https:\/\/www.ismreves.be\/primaire\/?page_id=478\"]}]},{\"@type\":\"BreadcrumbList\",\"@id\":\"https:\/\/www.ismreves.be\/primaire\/?page_id=478#breadcrumb\",\"itemListElement\":[{\"@type\":\"ListItem\",\"position\":1,\"name\":\"Accueil\",\"item\":\"https:\/\/www.ismreves.be\/primaire\"},{\"@type\":\"ListItem\",\"position\":2,\"name\":\"R\u00e8glement d&rsquo;ordre int\u00e9rieur de l&rsquo;\u00e9cole\"}]},{\"@type\":\"WebSite\",\"@id\":\"https:\/\/www.ismreves.be\/primaire\/#website\",\"url\":\"https:\/\/www.ismreves.be\/primaire\/\",\"name\":\"ISM Reves Primaire\",\"description\":\"Enseignement primaire\",\"publisher\":{\"@id\":\"https:\/\/www.ismreves.be\/primaire\/#organization\"},\"potentialAction\":[{\"@type\":\"SearchAction\",\"target\":{\"@type\":\"EntryPoint\",\"urlTemplate\":\"https:\/\/www.ismreves.be\/primaire\/?s={search_term_string}\"},\"query-input\":{\"@type\":\"PropertyValueSpecification\",\"valueRequired\":true,\"valueName\":\"search_term_string\"}}],\"inLanguage\":\"fr-BE\"},{\"@type\":\"Organization\",\"@id\":\"https:\/\/www.ismreves.be\/primaire\/#organization\",\"name\":\"ISM Reves Primaire\",\"url\":\"https:\/\/www.ismreves.be\/primaire\/\",\"logo\":{\"@type\":\"ImageObject\",\"inLanguage\":\"fr-BE\",\"@id\":\"https:\/\/www.ismreves.be\/primaire\/#\/schema\/logo\/image\/\",\"url\":\"https:\/\/www.ismreves.be\/primaire\/wp-content\/uploads\/2025\/09\/cropped-Logo-Ecole.png\",\"contentUrl\":\"https:\/\/www.ismreves.be\/primaire\/wp-content\/uploads\/2025\/09\/cropped-Logo-Ecole.png\",\"width\":1187,\"height\":711,\"caption\":\"ISM Reves Primaire\"},\"image\":{\"@id\":\"https:\/\/www.ismreves.be\/primaire\/#\/schema\/logo\/image\/\"}}]}<\/script>\n<!-- \/ Yoast SEO plugin. -->","yoast_head_json":{"title":"R\u00e8glement d'ordre int\u00e9rieur de l'\u00e9cole - ISM Reves Primaire","robots":{"index":"index","follow":"follow","max-snippet":"max-snippet:-1","max-image-preview":"max-image-preview:large","max-video-preview":"max-video-preview:-1"},"canonical":"https:\/\/www.ismreves.be\/primaire\/?page_id=478","og_locale":"fr_FR","og_type":"article","og_title":"R\u00e8glement d'ordre int\u00e9rieur de l'\u00e9cole - ISM Reves Primaire","og_url":"https:\/\/www.ismreves.be\/primaire\/?page_id=478","og_site_name":"ISM Reves Primaire","article_modified_time":"2025-09-24T10:17:12+00:00","twitter_card":"summary_large_image","schema":{"@context":"https:\/\/schema.org","@graph":[{"@type":"WebPage","@id":"https:\/\/www.ismreves.be\/primaire\/?page_id=478","url":"https:\/\/www.ismreves.be\/primaire\/?page_id=478","name":"R\u00e8glement d'ordre int\u00e9rieur de l'\u00e9cole - ISM Reves Primaire","isPartOf":{"@id":"https:\/\/www.ismreves.be\/primaire\/#website"},"datePublished":"2025-09-24T10:17:11+00:00","dateModified":"2025-09-24T10:17:12+00:00","breadcrumb":{"@id":"https:\/\/www.ismreves.be\/primaire\/?page_id=478#breadcrumb"},"inLanguage":"fr-BE","potentialAction":[{"@type":"ReadAction","target":["https:\/\/www.ismreves.be\/primaire\/?page_id=478"]}]},{"@type":"BreadcrumbList","@id":"https:\/\/www.ismreves.be\/primaire\/?page_id=478#breadcrumb","itemListElement":[{"@type":"ListItem","position":1,"name":"Accueil","item":"https:\/\/www.ismreves.be\/primaire"},{"@type":"ListItem","position":2,"name":"R\u00e8glement d&rsquo;ordre int\u00e9rieur de l&rsquo;\u00e9cole"}]},{"@type":"WebSite","@id":"https:\/\/www.ismreves.be\/primaire\/#website","url":"https:\/\/www.ismreves.be\/primaire\/","name":"ISM Reves Primaire","description":"Enseignement primaire","publisher":{"@id":"https:\/\/www.ismreves.be\/primaire\/#organization"},"potentialAction":[{"@type":"SearchAction","target":{"@type":"EntryPoint","urlTemplate":"https:\/\/www.ismreves.be\/primaire\/?s={search_term_string}"},"query-input":{"@type":"PropertyValueSpecification","valueRequired":true,"valueName":"search_term_string"}}],"inLanguage":"fr-BE"},{"@type":"Organization","@id":"https:\/\/www.ismreves.be\/primaire\/#organization","name":"ISM Reves Primaire","url":"https:\/\/www.ismreves.be\/primaire\/","logo":{"@type":"ImageObject","inLanguage":"fr-BE","@id":"https:\/\/www.ismreves.be\/primaire\/#\/schema\/logo\/image\/","url":"https:\/\/www.ismreves.be\/primaire\/wp-content\/uploads\/2025\/09\/cropped-Logo-Ecole.png","contentUrl":"https:\/\/www.ismreves.be\/primaire\/wp-content\/uploads\/2025\/09\/cropped-Logo-Ecole.png","width":1187,"height":711,"caption":"ISM Reves Primaire"},"image":{"@id":"https:\/\/www.ismreves.be\/primaire\/#\/schema\/logo\/image\/"}}]}},"_links":{"self":[{"href":"https:\/\/www.ismreves.be\/primaire\/index.php?rest_route=\/wp\/v2\/pages\/478","targetHints":{"allow":["GET"]}}],"collection":[{"href":"https:\/\/www.ismreves.be\/primaire\/index.php?rest_route=\/wp\/v2\/pages"}],"about":[{"href":"https:\/\/www.ismreves.be\/primaire\/index.php?rest_route=\/wp\/v2\/types\/page"}],"author":[{"embeddable":true,"href":"https:\/\/www.ismreves.be\/primaire\/index.php?rest_route=\/wp\/v2\/users\/1"}],"replies":[{"embeddable":true,"href":"https:\/\/www.ismreves.be\/primaire\/index.php?rest_route=%2Fwp%2Fv2%2Fcomments&post=478"}],"version-history":[{"count":1,"href":"https:\/\/www.ismreves.be\/primaire\/index.php?rest_route=\/wp\/v2\/pages\/478\/revisions"}],"predecessor-version":[{"id":480,"href":"https:\/\/www.ismreves.be\/primaire\/index.php?rest_route=\/wp\/v2\/pages\/478\/revisions\/480"}],"wp:attachment":[{"href":"https:\/\/www.ismreves.be\/primaire\/index.php?rest_route=%2Fwp%2Fv2%2Fmedia&parent=478"}],"curies":[{"name":"wp","href":"https:\/\/api.w.org\/{rel}","templated":true}]}}

Règlement d&rsquo;ordre intérieur de l&rsquo;école

<div data-wp-interactive="core/file" class="wp-block-file"><object data-wp-bind--hidden="!state.hasPdfPreview" hidden class="wp-block-file__embed" data="https://www.ismreves.be/primaire/wp-content/uploads/2025/09/ROI-2025-1.pdf" type="application/pdf" style="width:100%;height:600px" aria-label="Contenu embarqué ROI 2025."></object><a id="wp-block-file--media-e261bd59-764f-45ff-a2a4-3e2be1015ec9" href="https://www.ismreves.be/primaire/wp-content/uploads/2025/09/ROI-2025-1.pdf">ROI 2025</a><a href="https://www.ismreves.be/primaire/wp-content/uploads/2025/09/ROI-2025-1.pdf" class="wp-block-file__button wp-element-button" download aria-describedby="wp-block-file--media-e261bd59-764f-45ff-a2a4-3e2be1015ec9">Télécharger</a></div>

<!-- This site is optimized with the Yoast SEO plugin v26.5 - https://yoast.com/wordpress/plugins/seo/ -->
<title>Règlement d&#039;ordre intérieur de l&#039;école - ISM Reves Primaire</title>
<meta name="robots" content="index, follow, max-snippet:-1, max-image-preview:large, max-video-preview:-1" />
<link rel="canonical" href="https://www.ismreves.be/primaire/?page_id=478" />
<meta property="og:locale" content="fr_FR" />
<meta property="og:type" content="article" />
<meta property="og:title" content="Règlement d&#039;ordre intérieur de l&#039;école - ISM Reves Primaire" />
<meta property="og:url" content="https://www.ismreves.be/primaire/?page_id=478" />
<meta property="og:site_name" content="ISM Reves Primaire" />
<meta property="article:modified_time" content="2025-09-24T10:17:12+00:00" />
<meta name="twitter:card" content="summary_large_image" />
<script type="application/ld+json" class="yoast-schema-graph">{"@context":"https://schema.org","@graph":[{"@type":"WebPage","@id":"https://www.ismreves.be/primaire/?page_id=478","url":"https://www.ismreves.be/primaire/?page_id=478","name":"Règlement d'ordre intérieur de l'école - ISM Reves Primaire","isPartOf":{"@id":"https://www.ismreves.be/primaire/#website"},"datePublished":"2025-09-24T10:17:11+00:00","dateModified":"2025-09-24T10:17:12+00:00","breadcrumb":{"@id":"https://www.ismreves.be/primaire/?page_id=478#breadcrumb"},"inLanguage":"fr-BE","potentialAction":[{"@type":"ReadAction","target":["https://www.ismreves.be/primaire/?page_id=478"]}]},{"@type":"BreadcrumbList","@id":"https://www.ismreves.be/primaire/?page_id=478#breadcrumb","itemListElement":[{"@type":"ListItem","position":1,"name":"Accueil","item":"https://www.ismreves.be/primaire"},{"@type":"ListItem","position":2,"name":"Règlement d&rsquo;ordre intérieur de l&rsquo;école"}]},{"@type":"WebSite","@id":"https://www.ismreves.be/primaire/#website","url":"https://www.ismreves.be/primaire/","name":"ISM Reves Primaire","description":"Enseignement primaire","publisher":{"@id":"https://www.ismreves.be/primaire/#organization"},"potentialAction":[{"@type":"SearchAction","target":{"@type":"EntryPoint","urlTemplate":"https://www.ismreves.be/primaire/?s={search_term_string}"},"query-input":{"@type":"PropertyValueSpecification","valueRequired":true,"valueName":"search_term_string"}}],"inLanguage":"fr-BE"},{"@type":"Organization","@id":"https://www.ismreves.be/primaire/#organization","name":"ISM Reves Primaire","url":"https://www.ismreves.be/primaire/","logo":{"@type":"ImageObject","inLanguage":"fr-BE","@id":"https://www.ismreves.be/primaire/#/schema/logo/image/","url":"https://www.ismreves.be/primaire/wp-content/uploads/2025/09/cropped-Logo-Ecole.png","contentUrl":"https://www.ismreves.be/primaire/wp-content/uploads/2025/09/cropped-Logo-Ecole.png","width":1187,"height":711,"caption":"ISM Reves Primaire"},"image":{"@id":"https://www.ismreves.be/primaire/#/schema/logo/image/"}}]}</script>
<!-- / Yoast SEO plugin. -->

Règlement d'ordre intérieur de l'école - ISM Reves Primaire
